{"id":14,"date":"2019-11-23T17:25:35","date_gmt":"2019-11-23T16:25:35","guid":{"rendered":"https:\/\/www.alterites.fr\/?page_id=14"},"modified":"2022-02-09T08:45:19","modified_gmt":"2022-02-09T07:45:19","slug":"conferences","status":"publish","type":"page","link":"https:\/\/www.alterites.fr\/?page_id=14","title":{"rendered":"Conf\u00e9rences"},"content":{"rendered":"\n<div style=\"height:50px\" aria-hidden=\"true\" class=\"wp-block-spacer\"><\/div>\n\n\n<style id=\"kt-blocks_dd72a4-a9\" type=\"text\/css\">#kt-adv-heading_dd72a4-a9, #kt-adv-heading_dd72a4-a9 .wp-block-kadence-advancedheading {text-transform:uppercase;}<\/style>\n<h5 id=\"kt-adv-heading_dd72a4-a9\" class=\"kt-adv-heading_dd72a4-a9 wp-block-kadence-advancedheading\" style=\"text-align:center\">Conf\u00e9rences<\/h5>\n\n\n\n<p><em>alt\u00e9rit\u00e9s<\/em> propose des conf\u00e9rences sur le th\u00e8me pluriel de la diff\u00e9rence.<em> <\/em>Afin de rendre leur contenu accessible et enrichissant, une place importante est accord\u00e9e \u00e0 la vulgarisation et \u00e0 l\u2019interaction avec le public.<\/p>\n\n\n\n<p>Voici les th\u00e8mes les plus populaires, mais d&rsquo;autres th\u00e8mes en lien avec la diff\u00e9rence et la diversit\u00e9 peuvent \u00eatre envisag\u00e9s ensemble. <\/p>\n\n\n\n<div style=\"height:20px\" aria-hidden=\"true\" class=\"wp-block-spacer\"><\/div>\n\n\n\n<p><strong>Les origines des in\u00e9galit\u00e9s entre les sexes, et si on en parlait de fa\u00e7on d\u00e9passionn\u00e9e ?!<\/strong> Dans cette conf\u00e9rence sont racont\u00e9es les origines surprenantes de la hi\u00e9rarchie Masculin \/ F\u00e9minin. Ce retour sur le pass\u00e9 lointain de l&rsquo;humanit\u00e9 invite \u00e0 poser un regard nouveau &#8211; quelque peu apais\u00e9 &#8211; sur ce sujet br\u00fblant et \u00e0 appr\u00e9hender de mani\u00e8re plus \u00e9clair\u00e9e l&rsquo;alt\u00e9rit\u00e9 genr\u00e9e et sa variabilit\u00e9 culturelle. <\/p>\n\n\n\n<p><em>Cette conf\u00e9rence est r\u00e9guli\u00e8rement propos\u00e9e en version virtuelle par Feminist In The City o\u00f9 elle a suscit\u00e9 d\u00e8s sa premi\u00e8re \u00e9dition beaucoup d&rsquo;enthousiasme au sein de sa communaut\u00e9 grandissante. <\/em><a href=\"https:\/\/www.facebook.com\/events\/391240108709494\/\"><em>L\u2019\u00e9v\u00e9nement Facebook<\/em><\/a><em> associ\u00e9 a d\u00e9j\u00e0 g\u00e9n\u00e9r\u00e9 plus de 66 000 r\u00e9actions, signe d&rsquo;un d\u00e9sir certain de sens et de connaissances.<\/em><\/p>\n\n\n\n<div style=\"height:20px\" aria-hidden=\"true\" class=\"wp-block-spacer\"><\/div>\n\n\n\n<p><strong>La diff\u00e9rence, \u00e7a s&rsquo;apprend<\/strong>. Cette conf\u00e9rence sur la gestion de l&rsquo;alt\u00e9rit\u00e9 vise \u00e0 mettre en lumi\u00e8re ce qu&rsquo;est la diff\u00e9rence, pourquoi pour des raisons qui souvent nous \u00e9chappent elle a tendance \u00e0 nous irriter et comment apprendre \u00e0 l&rsquo;appr\u00e9hender. Des astuces simples et faciles \u00e0 mettre en \u0153uvre au quotidien pour assouplir nos r\u00e9actions de d\u00e9fense et gagner en adaptabilit\u00e9 sont pr\u00e9sent\u00e9es. <\/p>\n\n\n\n<p>Retrouvez <a href=\"https:\/\/www.youtube.com\/watch?v=ruq1UMvsPKA&amp;t=1029s\">ici<\/a> mon intervention \u00e0 l&rsquo;\u00e9cole militaire sur la m\u00e9thode <em>alt\u00e9rit\u00e9s<\/em> dans le cadre de la 3\u00e8me \u00e9dition du colloque sur l&rsquo;interculturalit\u00e9 dans le prisme de l&rsquo;action militaire organis\u00e9 par l&rsquo;EMSOME (l&rsquo;\u00c9tat-Major sp\u00e9cialis\u00e9 pour l&rsquo;Outre-Mer et l&rsquo;\u00c9tranger). <\/p>\n\n\n\n<div style=\"height:20px\" aria-hidden=\"true\" class=\"wp-block-spacer\"><\/div>\n\n\n\n<div class=\"wp-block-image\"><figure class=\"aligncenter\"><a href=\"https:\/\/www.youtube.com\/watch?v=ruq1UMvsPKA&amp;t=1029s\" target=\"_blank\" rel=\"noreferrer noopener\"><img loading=\"lazy\" decoding=\"async\" width=\"488\" height=\"288\" src=\"https:\/\/www.alterites.fr\/wp-content\/uploads\/2020\/11\/Capture-d\u2019e\u0301cran-2020-11-29-a\u0300-10.20.31.png\" alt=\"\" class=\"wp-image-1874\"\/><\/a><\/figure><\/div>\n","protected":false},"excerpt":{"rendered":"<p>Conf\u00e9rences alt\u00e9rit\u00e9s propose des conf\u00e9rences sur le th\u00e8me pluriel de la diff\u00e9rence. Afin de rendre leur contenu accessible et enrichissant, une place importante est accord\u00e9e \u00e0 la vulgarisation et \u00e0 l\u2019interaction avec le public. Voici les th\u00e8mes les plus populaires, mais d&rsquo;autres th\u00e8mes en lien avec la diff\u00e9rence et la diversit\u00e9 peuvent \u00eatre envisag\u00e9s ensemble.<\/p>\n","protected":false},"author":1,"featured_media":0,"parent":0,"menu_order":0,"comment_status":"closed","ping_status":"closed","template":"page-nosidebar.php","meta":{"_monsterinsights_skip_tracking":false,"_monsterinsights_sitenote_active":false,"_monsterinsights_sitenote_note":"","_monsterinsights_sitenote_category":0,"kt_blocks_editor_width":"","footnotes":""},"_links":{"self":[{"href":"https:\/\/www.alterites.fr\/index.php?rest_route=\/wp\/v2\/pages\/14"}],"collection":[{"href":"https:\/\/www.alterites.fr\/index.php?rest_route=\/wp\/v2\/pages"}],"about":[{"href":"https:\/\/www.alterites.fr\/index.php?rest_route=\/wp\/v2\/types\/page"}],"author":[{"embeddable":true,"href":"https:\/\/www.alterites.fr\/index.php?rest_route=\/wp\/v2\/users\/1"}],"replies":[{"embeddable":true,"href":"https:\/\/www.alterites.fr\/index.php?rest_route=%2Fwp%2Fv2%2Fcomments&post=14"}],"version-history":[{"count":34,"href":"https:\/\/www.alterites.fr\/index.php?rest_route=\/wp\/v2\/pages\/14\/revisions"}],"predecessor-version":[{"id":2041,"href":"https:\/\/www.alterites.fr\/index.php?rest_route=\/wp\/v2\/pages\/14\/revisions\/2041"}],"wp:attachment":[{"href":"https:\/\/www.alterites.fr\/index.php?rest_route=%2Fwp%2Fv2%2Fmedia&parent=14"}],"curies":[{"name":"wp","href":"https:\/\/api.w.org\/{rel}","templated":true}]}}